1 is divided by m(f).
3
Let q be (-16)/3*-1*3. Suppose 4*t + 3*x + x = q, 4*t = 4*x + 32. Let k(z) = -z - 2. What is the remainder when t is divided by k(-6)?
2
Let n = -156 - -173. What is the remainder when n is divided by 7?
3
Suppose -5*t = 15 - 85. Suppose -89 = -5*g - t. Let o = 0 + 28. Calculate the remainder when o is divided by g.
13
Suppose 3*g + 4 = -8, -4*g = 4*s + 4. Calculate the remainder when s is divided by 0 + 1 + 1 + 0.
1
What is the remainder when 8 is divided by -3 - -1*(6 + 0)?
2
Let w(z) be the second derivative of -z**5/20 + z**4/4 + 2*z**3/3 - z**2 + z. What is the remainder when w(3) is divided by (-4)/14 - 30/(-7)?
2
Let u be 12/36 + (-40)/(-6). Suppose -6*f + u*f = 12. Let s = -15 + 37. Calculate the remainder when s is divided by f.
10
Suppose 3*c = -0*c - 6. Calculate the remainder when 3/(5/(575/15)) is divided by ((-3)/(-2))/(c/(-16)).
11
Let x(h) = 5 - 3 - 2*h - 5*h**2 + 9*h**3 - 2*h**3 - 8*h**3. Suppose 0 = 3*m + 15. Calculate the remainder when x(m) is divided by 7.
5
Let y = 40 + -3. Calculate the remainder when y is divided by 10.
7
Let j = 5 + -11. Let z(d) = d**3 + 8*d**2 + 9*d + 1. Suppose -3*f - 188 = -7*c + 2*c, -3*f = -c + 40. Calculate the remainder when c is divided by z(j).
18
Let q = 9 + 3. Let g = -9 - -31. Calculate the remainder when g is divided by q.
10
Let d be 5 + (3 - 3) + -1. Calculate the remainder when ((-42)/(-9))/(d/6) is divided by 4.
3
Let q be ((-16)/4)/(2/(-12)). What is the remainder when 6/q + (-39)/(-4) is divided by (-2)/((-2)/(-4) + -1)?
2
Let b(t) = -3*t + 26. What is the remainder when b(-12) is divided by 21?
20
Let v(p) = p**3 + 2*p**2 + p. Let h be v(-2). Let m(r) = -r**3 + r + 1. Calculate the remainder when 26 is divided by m(h).
5
Let r(d) = d**2 + 8*d - 7. Let x be r(-9). Suppose -x*v - 5 = -27. What is the remainder when 19 is divided by v?
8
Let w(o) = -3*o + 9. Let r be w(7). Let b = r - -51. Let p = -7 + b. What is the remainder when p is divided by 17?
15
Suppose 4*v + w = -3*w + 48, -2*v + 3*w + 19 = 0. Suppose -3*l = -4*l. Suppose l*b + 4*b - 12 = 0. Calculate the remainder when v is divided by b.
2
Let f(c) = c**2 + c + 1. Suppose -3*j - 37 = -4*a + 41, 0 = -a - 3*j + 12. Let g = -5 + a. What is the remainder when g is divided by f(2)?
6
Let j(k) = k**2 + 10*k - 4. Calculate the remainder when j(-15) is divided by 24.
23
What is the remainder when 2 + 1 - (-156 + -5 + 8) is divided by 53?
50
Let r(u) = -u**3 - 3*u**2 + 5*u - 7. Let g be -1 + -2 - 4 - -2. What is the remainder when 70 is divided by r(g)?
16
Let b be -1*(48 + 2/(-2)). Let z = b + 68. Calculate the remainder when z is divided by 11.
10
Suppose 48 = 4*b + y, 0*b - 2*y = -2*b + 24. What is the remainder when 22 is divided by b?
10
Suppose 6 = 2*w - 6. Let f = 25 + -4. Calculate the remainder when f is divided by w.
3
Let n(z) = z**3 - 2*z**2 - 7*z + 9. Suppose 0 = 2*c - 4*c. Calculate the remainder when 2 + c - (-16 - 5) is divided by n(4).
10
Let v(c) = -c**2 - 8*c + 13. Let s be v(-9). Suppose -s = -4*y - x, -3*y + 2 = 5*x - 1. What is the remainder when 1 is divided by y?
0
Let k(g) = 2*g**2 + 46*g - 25. Suppose -3*t = -0*t - 39. What is the remainder when k(-24) is divided by t?
10
Suppose -139 = -5*n + 146. Calculate the remainder when n is divided by 12.
9
Suppose 62*l = 61*l + 40. Calculate the remainder when l is divided by 29/2 + 2/(-4).
12
Let f(g) = -g**3 - 4*g**2 - 3*g + 5. What is the remainder when 2/(-2 - 132/(-64)) is divided by f(-4)?
15
Suppose 0 = i - 32 - 29. Calculate the remainder when i is divided by 21.
19
Let i(r) = 4*r**2 - r. Suppose 5 = b, -2*f + 0*f - 4*b = -132. What is the remainder when (f - (-1 + 3)) + -2 is divided by i(-2)?
16
Suppose -3*t + 8 = -t. Suppose -t*y + y = -93. Let v = -7 - -18. Calculate the remainder when y is divided by v.
9
Let d = -53 + 102. Calculate the remainder when d is divided by 13.
10
Let v = 20 + -9. Calculate the remainder when v is divided by 4.
3
Calculate the remainder when ((-7)/7)/((-98)/(-50) + -2) is divided by 16.
9
Let m = -121 + 433. Calculate the remainder when m is divided by 63.
60
Let x(h) be the third derivative of -h**6/120 + h**5/20 + h**4/12 + 2*h**3/3 - h**2. What is the remainder when 18 is divided by x(3)?
8
Let v(d) = d**3 + 10*d**2 + 14. What is the remainder when v(-10) is divided by 8?
6
Suppose -5*l + 2*i = -66, -6*i - 10 = -l - 4*i. Calculate the remainder when 27 is divided by l.
13
Suppose -3*m - 6 = -6*m. Let b = 5 + 2. What is the remainder when b is divided by m?
1
Let t(y) = y**3 + 6*y**2 - 10*y - 18. What is the remainder when 74 is divided by t(-7)?
2
Let k be (-14)/3 + (-4)/(-6). Let g = 9 + k. What is the remainder when 3/36*4*39 is divided by g?
3
Let g be (-1)/((-5)/2)*5. Suppose f + 4*l + 3 = 0, 0 = 2*f + l - g*l - 39. Let w = 30 + f. Calculate the remainder when w is divided by 12.
11
Suppose -10 = -5*y - 0. Suppose c = -c - 8, 0 = 2*a + y*c - 58. Calculate the remainder when a is divided by 9.
6
Let a be 0 - (-3)/((-9)/21). Let x(w) = -w**3 - 8*w**2 - 8*w - 2. Let u be x(a). Calculate the remainder when 25 is divided by (-37)/(-5) - 2/u.
4
Let w be (-2)/((9/(-12))/(-3)). Let v be 9/(-12) - (-10)/w. Calculate the remainder when (-845)/(-20) - v/(-8) is divided by 15.
12
Suppose -r + 124 = -2*m, -4*r - m - 275 = -789. What is the remainder when r is divided by 43?
42
Suppose -2*j - 2*v = 2*j - 112, 0 = -3*j - 4*v + 79. Let p(u) = 17*u - 115. What is the remainder when p(10) is divided by j?
26
Let l = -2 + 2. Suppose 8 = y - l*y. Calculate the remainder when 37 is divided by y.
5
Suppose 2*a - 2 = 4. Suppose s - 132 = -a*s. Calculate the remainder when s is divided by 12.
9
Suppose -3*u - t = -2*u - 4, -t = 3*u - 12. Suppose h + 84 = u*h. Calculate the remainder when h is divided by 10.
8
Let x = 4 + 2. Let a(i) = 3*i + 1. Suppose -1 = 2*c - 11. What is the remainder when a(c) is divided by x?
4
Let r be (-23)/2 - (-2)/(-4). Let f be (2/4)/(1/r). What is the remainder when 10 is divided by (-2)/f*(-48)/(-4)?
2
Suppose -4*o + 20 = -4. What is the remainder when o is divided by 2?
0
Let f = 209 + -119. Let w = f - 54. What is the remainder when w is divided by 10?
6
Let q = -6 - -8. Suppose 0 = -2*d + q + 8. Calculate the remainder when 14 is divided by d.
4
Let v = 33 - 15. What is the remainder when v is divided by 14/(-4)*27/((-189)/20)?
8
Let i = -4 + 6. Suppose 0 = -i*b - 8, 4*p - 115 = 5*b - 31. What is the remainder when p is divided by 6?
4
Suppose -3*p + 14 = -4*o, 2*p - 4*o - 2 - 10 = 0. Calculate the remainder when 3 is divided by p.
1
Let h(t) = -3 - 2*t + t**3 + 5*t**2 + 1 + 0*t**2. Calculate the remainder when h(-4) is divided by 12.
10
Let q = -20 - -27. Calculate the remainder when 12 is divided by q.
5
Let x = 3 - 5. Calculate the remainder when 22 is divided by 4 - 2/x - -1.
4
Suppose -d - 4 = -5. Calculate the remainder when (-1 - (d + 17))*-1 is divided by 7.
5
Let n = -7 - -7. Suppose -3*i + 12 = -n*i. Calculate the remainder when i is divided by 2.
0
Let j(h) be the second derivative of -h**5/20 + 5*h**4/12 - h**3 + h**2 + 3*h. Let s be j(4). What is the remainder when 19 is divided by 3/(-6) + (-63)/s?
9
Calculate the remainder when (-38)/(-12) + (-1)/6 is divided by 1 - 1 - (-2 + 0).
1
Let b(g) = 19*g**3 - 3*g**2 + 1. Let s be b(2). Suppose 2*y = s - 1. Calculate the remainder when y is divided by 18.
16
Suppose 5*n - 534 = 281. What is the remainder when n is divided by 41?
40
Let m(n) = n**3 + n + 1. Let y(o) = 2*o**3 - 6*o**2 - o + 4. Let q(t) = 3*m(t) - y(t). Calculate the remainder when 10 is divided by q(-5).
2
Suppose 5*t = t + 208. Suppose m - 8 = -d, -d + 2*m + m = -4. Let h = d + 11. Calculate the remainder when t is divided by h.
16
Let d(r) = 10*r - 4. Calculate the remainder when 26 is divided by d(2).
10
Suppose -3*v - 569 = -5*f, -f = f - 2*v - 230. Calculate the remainder when f is divided by 38.
36
Let s be (-3 - (-222)/10)*5. Suppose -54 = -5*m + s. Suppose 2*j - m = -2*a, 0 = -2*a + 2*j - 5*j + 35. What is the remainder when 29 is divided by a?
9
Suppose -3*q + 2*c = -5*q - 8, 4*q = 2*c + 8. Suppose -30 = -3*j - q*j. What is the remainder when 27 is divided by j?
7
What is the remainder when ((-54)/4)/((-2)/36) is divided by 35?
33
Suppose 0*y = 2*r - 